-be?
a44e7
In base 6, what is -10 + -3351145112?
-3351145122
In base 3, what is 1102020 - 10021012?
-1211222
In base 13, what is -677 - -417681?
417007
In base 7, what is 24560 - -1644?
26534
In base 14, what is -679b1 - -5?
-679aa
In base 14, what is 2 - 21bb4?
-21bb2
In base 2, what is -110010110000100111110001101 + 10?
-110010110000100111110001011
In base 14, what is 17 + -2512bc?
-2512a5
In base 7, what is -13 + 4346346?
4346333
In base 3, what is -20101111 + -110200?
-20212011
In base 10, what is 43 + -156261?
-156218
In base 7, what is -11 - -34120031?
34120020
In base 15, what is 28 + -453bda?
-453bb2
In base 3, what is -1002101001012 - -101210?
-1002100122102
In base 15, what is 1 - -b21069?
b2106a
In base 11, what is -130aa69 - 177?
-1310135
In base 9, what is -220076 - -30?
-220046
In base 5, what is -40413 - -440411?
344443
In base 15, what is 7 - 319a6?
-3199e
In base 15, what is 8d7a06b - 3?
8d7a068
In base 2, what is -101101101001 - 1000110111100?
-1110100100101
In base 7, what is -160 + 40541565?
40541405
In base 5, what is -10231 - 143003?
-203234
In base 5, what is 32 + 1344132132?
1344132214
In base 12, what is 51b41 + 494?
52415
In base 8, what is -74 + 47027?
46733
In base 4, what is 201 - -1011121303?
1011122110
In base 2, what is -10 + 100101101001111100001111110?
100101101001111100001111100
In base 9, what is 5342 - -57446?
63788
In base 7, what is -15141420 + -6?
-15141426
In base 3, what is -210102200012 - 1110?
-210102201122
In base 4, what is -1213322 + 1331203?
111221
In base 8, what is 1231662240 - -4?
1231662244
In base 11, what is 265a956a3 - -3?
265a956a6
In base 12, what is -4115690 - -b?
-4115681
In base 8, what is -764 + 46154?
45170
In base 10, what is 3193970 - 0?
3193970
In base 11, what is 29658 + -a33?
28725
In base 4, what is 1200113112200 - 23?
1200113112111
In base 13, what is -8700 + 83?
-864a
In base 14, what is 1387ac - -32?
138800
In base 13, what is 103ac - -1a7?
10586
In base 12, what is 4 + -16257989?
-16257985
In base 10, what is -4554914 + 144?
-4554770
In base 9, what is -1743 + 54704?
52851
In base 6, what is 3115111 + -1424?
3113243
In base 13, what is 4a - -c85a46?
c85a93
In base 7, what is -1326 + -2212045?
-2213404
In base 3, what is -100 - 212110220122122?
-212110220122222
In base 4, what is -3133222 - -232002?
-2301220
In base 4, what is -11 + -1103202101010?
-1103202101021
In base 5, what is -33 - -14220122?
14220034
In base 9, what is -6078672 - 1?
-6078673
In base 6, what is -113235 + -51?
-113330
In base 2, what is 1001100100000 + 11001011101111111?
11010101010011111
In base 14, what is -6d3ab6 + -d0?
-6d3ba6
In base 4, what is 201030321302 - 3?
201030321233
In base 15, what is 8d + 5ded?
5e8b
In base 14, what is -189 + -840?
-9c9
In base 6, what is -33030031422 - 5?
-33030031431
In base 15, what is -a4 - 3469b?
-34750
In base 9, what is -7487 - -3537?
-3850
In base 13, what is 40 - -1946336?
1946376
In base 12, what is 5 - 1317664?
-131765b
In base 7, what is 632005324 - -2?
632005326
In base 3, what is -2000101122221 + -102?
-2000101200100
In base 9, what is -5575334 + -105?
-5575440
In base 15, what is 10b32e + -2?
10b32c
In base 16, what is b4 - -7100?
71b4
In base 5, what is -10 - 12020131231?
-12020131241
In base 12, what is -7aa3a27 - 5?
-7aa3a30
In base 6, what is -13 + 145424?
145411
In base 13, what is -a7a39 - -21?
-a7a18
In base 5, what is 11112 - 240032?
-223420
In base 3, what is -111112 - -10010210212?
10010022100
In base 16, what is -5 - a7986e?
-a79873
In base 2, what is -10001111001101110001 - -110001?
-10001111001101000000
In base 15, what is -15521179 - -2?
-15521177
In base 15, what is -33b60 - -a3?
-33aac
In base 2, what is 101111011101111100100000101 - 11?
101111011101111100100000010
In base 13, what is 222771 - 3?
22276b
In base 15, what is 376ca9a9 + 1?
376ca9aa
In base 9, what is 5 - -185635641?
185635646
In base 7, what is -346340 - -26230?
-320110
In base 6, what is 104050023 - -25?
104050052
In base 10, what is 6 + -12511531?
-12511525
In base 2, what is -10000011101010010111111110001 + 1?
-10000011101010010111111110000
In base 6, what is -40 - 2540244003?
-2540244043
In base 7, what is 14010653525 - 1?
14010653524
In base 10, what is -3943 - 3056?
-6999
In base 11, what is 2a - 821831?
-821802
In base 3, what is 1110100111200112 + -112?
1110100111200000
In base 5, what is 11342021 + -404?
11341112
In base 5, what is 141 + -14033034?
-14032343
In base 10, what is -270 - 288872?
-289142
In base 6, what is 203354512 - 0?
203354512
In base 6, what is 5345302 + 4221?
5353523
In base 5, what is 3 + 102010121211?
102010121214
In base 13, what is -9 - -281027?
28101b
In base 4, what is -22 - -1322332220?
1322332132
In base 14, what is 1 - -30d98d7?
30d98d8
In base 10, what is -6389 + -14421?
-20810
In base 3, what is -10 - 2012212201222?
-2012212202002
In base 13, what is -8524c9 + 35?
-852494
In base 9, what is 0 + -16537051?
-16537051
In base 3, what is 11010 + 2212211200002?
2212211211012
In base 15, what is c0 + 359626?
3596e6
In base 2, what is -1011000 + -10110010101110?
-10110100000110
In base 4, what is -11 + -2021113212200?
-2021113212211
In base 12, what is -44a + 116a?
920
In base 3, what is -20212021011 - 1121?
-20212022202
In base 4, what is 31203 - -210301111?
210332320
In base 10, what is 1630 + -62372?
-60742
In base 3, what is 221222012001 - 2211?
221222002020
In base 8, what is 1327216265 - 0?
1327216265
In base 5, what is 21020233212 - -14?
21020233231
In base 3, what is 10 - -22221110001202?
22221110001212
In base 12, what is -3 + b53755?
b53752
In base 7, what is 2 + -4055553?
-4055551
In base 13, what is 637502c + 4?
6375033
In base 5, what is 420044 - 332?
414212
In base 8, what is 343604260 - -3?
343604263
In base 3, what is 11012111222122021 + 0?
11012111222122021
In base 16, what is c61a4 - 2?
c61a2
In base 3, what is -20100000121202201 + 1?
-20100000121202200
In base 6, what is 5 + 402444054?
402444103
In base 10, what is 3 + 72645140?
72645143
In base 5, what is -43241 + 231001?
132210
In base 10, what is 472 + 77137?
77609
In base 15, what is 20692 - -4e?
206e1
In base 12, what is -1816 - 2648?
-4262
In base 9, what is 15748 - -16000?
32748
In base 16, what is -1e1 + 2fc5?
2de4
In base 5, what is 23222324034 + -22?
23222324012
In base 12, what is -1a + 6635077?
6635059
In base 5, what is 4030444332 + 13?
4030444400
In base 11, what is 1 + -a767942?
-a767941
In base 15, what is 24bde - -13a8?
26097
In base 14, what is -710 - 219?
-929
In base 12, what is 190411 - 1?
190410
In base 10, what is -28054794 - 2?
-28054796
In base 6, what is -33245 - 15401?
-53050
In base 12, what is 31b4 + 71611?
74805
In base 3, what is -1110211000102002000 + -1?
-1110211000102002001
In base 8, what is -1 + -3222172?
-3222173
In base 7, what is 1313 - -4043532?
4045145
In base 9, what is 41505 - -135?
41641
In base 8, what is -21234 - 37503?
-60737
In base 13, what is -4a6521a + 4?
-4a65216
In base 15, what is 0 - -13e87b21?
13e87b21
In base 14, what is -17a2 - d32?
-26d4
In base 8, what is -12 - 6774720?
-6774732
In base 5, what is 1104101334 - 4?
1104101330
In base 6, what is -1234533 + 322?
-1234211
In base 12, what is -154b53 - -1?
-154b52
In base 8, what is -36 + 11023?
10765
In base 15, what is 1e3 - -6e17c?
6e370
In base 6, what is 4 - 3032241135?
-3032241131
In base 2, what is -101101 + 1001101100000011010000?
1001101100000010100011
In base 9, what is -11373183 - -4?
-11373178
In base 5, what is 2012440424 - -2?
2012440431
In base 6, what is 5 + 140425552?
140430001
In base 9, what is -1 - -4115236?
4115235
In base 9, what is 88774 - 47?
88726
In base 3, what is 1202201 + -222020012?
-220110111
In base 14, what is -4b + -46250?
-4629b
In base 12, what is -a7628b - -7?
-a76284
In base 11, what is -15430a8 + 98?
-1543010
In base 3, what is 2002122200002 - 1212?
2002122121020
In base 11, what is -6 - -2452861?
2452856
In base 8, what is -6 + -24530130?
-24530136
In base 11, what is -1629 + 2003a?
19511
In base 16, what is 2a350d + 2?
2a350f
In base 16, what is -26565 + 1a?
-2654b
In base 7, what is 15555553 + -12?
15555541
In base 16, what is 10 - 160d70?
-160d60
In base 10, what is -8563 - -2281?
-6282
In base 5, what is -2 + -2102202422?
-2